57 a prime number?
True
Is 2521 a prime number?
True
Is 209639 a prime number?
True
Is 129581 prime?
True
Is 143387 a prime number?
True
Is 9601 a composite number?
False
Is 2052059 composite?
False
Is 1259 a prime number?
True
Is 72139 a prime number?
True
Is 71215 prime?
False
Is 349303 prime?
True
Is 506911 a prime number?
True
Is 523999 a composite number?
True
Is 269839 composite?
True
Is 1999871 composite?
False
Is 65 prime?
False
Is 19277 composite?
True
Is 585463 composite?
True
Is 6119 a prime number?
False
Is 343261 a prime number?
True
Is 10181 a prime number?
True
Is 26473 a prime number?
False
Is 236293 composite?
False
Is 3073 composite?
True
Is 808853 composite?
False
Is 45433 composite?
False
Is 3823915 a composite number?
True
Is 5951 composite?
True
Is 2785 composite?
True
Is 127 a composite number?
False
Is 12531 composite?
True
Is 376115 a prime number?
False
Is 89 a prime number?
True
Is 1405919 a prime number?
True
Is 6761 a prime number?
True
Is 3031511 prime?
False
Is 79939 a composite number?
False
Is 293 a composite number?
False
Is 6401 a prime number?
False
Is 6337 a composite number?
False
Is 54709 a prime number?
True
Is 74177 composite?
False
Is 293893 a composite number?
False
Is 16033 composite?
False
Is 186767 a prime number?
False
Is 291477 a prime number?
False
Is 223697 a prime number?
True
Is 314747 composite?
False
Is 702043 a prime number?
False
Is 44867 prime?
True
Is 856833 composite?
True
Is 1036769 a composite number?
False
Is 186257 a prime number?
False
Is 47933 composite?
False
Is 800987 prime?
False
Is 1007597 a composite number?
False
Is 19207 prime?
True
Is 44629 composite?
True
Is 54721 a composite number?
False
Is 12697 a prime number?
True
Is 5497 a composite number?
True
Is 360271 a composite number?
False
Is 2894 composite?
True
Is 8513 composite?
False
Is 357859 a prime number?
True
Is 5501 a prime number?
True
Is 25393 prime?
False
Is 184589 composite?
True
Is 523115 a composite number?
True
Is 411343 prime?
False
Is 196787 prime?
False
Is 6079 a prime number?
True
Is 2669 a composite number?
True
Is 1579459 a composite number?
True
Is 2309 composite?
False
Is 75961 a prime number?
False
Is 2893 prime?
False
Is 7789 prime?
True
Is 208099 a prime number?
True
Is 157507 a prime number?
False
Is 8051 composite?
True
Is 33659 composite?
True
Is 87851 composite?
True
Is 11369 a composite number?
False
Is 1546627 prime?
True
Is 8501 a prime number?
True
Is 25157 prime?
False
Is 270899 composite?
False
Is 1529 composite?
True
Is 1545539 composite?
False
Is 140351 a prime number?
True
Is 37667 a prime number?
False
Is 545663 a prime number?
True
Is 12839 prime?
False
Is 26977 a composite number?
True
Is 623261 prime?
True
Is 996235 a prime number?
False
Is 110857 prime?
False
Is 56965 prime?
False
Is 10643 prime?
False
Is 190243 a composite number?
False
Is 185273 prime?
False
Is 547099 a prime number?
False
Is 40241 a composite number?
False
Is 4747 a composite number?
True
Is 6033 a composite number?
True
Is 7807 prime?
False
Is 1513 a composite number?
True
Is 967 a prime number?
True
Is 41719 a composite number?
False
Is 706331 a prime number?
False
Is 857803 prime?
False
Is 11303 composite?
True
Is 6803 a composite number?
False
Is 87863 prime?
False
Is 33691 prime?
False
Is 2203 a composite number?
False
Is 24221 a composite number?
True
Is 1453513 a composite number?
False
Is 738235 prime?
False
Is 38309 a composite number?
True
Is 1843 composite?
True
Is 499 a prime number?
True
Is 22009 prime?
False
Is 212899 prime?
False
Is 185119 composite?
True
Is 93523 a prime number?
True
Is 72613 a composite number?
False
Is 692821 a prime number?
True
Is 24269 prime?
False
Is 14039 composite?
True
Is 2051 prime?
False
Is 10729 a prime number?
True
Is 1516999 composite?
True
Is 24169 composite?
False
Is 7897 a composite number?
True
Is 80021 a composite number?
False
Is 1788601 a composite number?
False
Is 19739 composite?
False
Is 5617 a prime number?
False
Is 338339 a composite number?
False
Is 5107 a composite number?
False
Is 2203 a prime number?
True
Is 70619 a prime number?
True
Is 187 a composite number?
True
Is 454162 a composite number?
True
Is 53421 a composite number?
True
Is 5342 a composite number?
True
Is 1037557 a prime number?
True
Is 32345 prime?
False
Is 1943 composite?
True
Is 1733 a prime number?
True
Is 1620589 prime?
True
Is 8441 composite?
True
Is 2218 a composite number?
True
Is 63521 a prime number?
True
Is 145529 prime?
False
Is 284459 a composite number?
True
Is 307 prime?
True
Is 104441 a composite number?
True
Is 337 a prime number?
True
Is 1772153 a prime number?
False
Is 593 prime?
True
Is 552217 a prime number?
True
Is 2333 composite?
False
Is 4471 composite?
True
Is 121 a composite number?
True
Is 575551 composite?
False
Is 396079 composite?
False
Is 3299 composite?
False
Is 2285 composite?
True
Is 88493 composite?
False
Is 828059 composite?
False
Is 4341 prime?
False
Is 17723 a prime number?
False
Is 71501 a composite number?
True
Is 11589 prime?
False
Is 9327817 composite?
False
Is 28781 a prime number?
False
Is 69429 composite?
True
Is 149603 composite?
False
Is 432851 a prime number?
False
Is 23971 composite?
False
Is 2806321 composite?
True
Is 97771 a prime number?
True
Is 49277 a composite number?
False
Is 553 prime?
False
Is 537497 prime?
True
Is 56733 a prime number?
False
Is 1481 a composite number?
False
Is 27893 a composite number?
False
Is 11333 a composite number?
True
Is 230083 a composite number?
True
Is 128237 a prime number?
True
Is 40771 composite?
False
Is 603881 composite?
False
Is 6353 composite?
False
Is 540433 a composite number?
False
Is 227053 prime?
True
Is 239281 prime?
False
Is 553309 a composite number?
False
Is 2554 prime?
False
Is 318827 composite?
True
Is 357967 a composite number?
False
Is 347469 a composite number?
True
Is 115339 a prime number?
False
Is 4288441 prime?
True
Is 77951 composite?
False
Is 5639 composite?
False
Is 18295 a prime number?
False
Is 1623 composite?
True
Is 1846961 composite?
True
Is 23935 a prime number?
False
Is 113803 a prime number?
False
Is 131959 a prime number?
True
Is 265781 a composite number?
False
Is 265703 a composite number?
False
Is 121 composite?
True
Is 315911 composite?
True
Is 659909 a prime number?
False
Is 2221 prime?
True
Is 7799 composite?
True
Is 39497 composite?
True
Is 188767 prime?
True
Is 563 a prime number?
True
Is 38539 a composite number?
True
Is 245107 prime?
True
Is 5087 a prime number?
True
Is 10589 prime?
True
Is 69733 a composite number?
True
Is 413 prime?
False
Is 3883 a composite number?
True
Is 137519 composite?
False
Is 55487 composite?
False
Is 231317 prime?
True
Is 19829 prime?
False
Is 212777 a prime number?
True
Is 86977 a composite number?
True
Is 3485095 a prime number?
False
Is 583 composite?
True
Is 7606 prime?
False
Is 27239 composite?
False
Is 1531 composite?
False
Is 43001 a prime number?
False
Is 13217 a prime number?
True
Is 50317 a composite number?
True
Is 756401 a prime number?
False
Is 2554 a composite number?
True
Is 9301 composite?
True
Is 57989 a composite number?
True
Is 173773 a composite number?
False
Is 6805 composite?
True
Is 1629777 composite?
True
Is 80741 a composite number?
True
Is 121178 composite?
True
Is 6841 composite?
False
Is 5303 a composite number?
False
Is 18539 a composite number?
False
Is 5309 a prime number?
True
Is 67055 prime?
False
Is 1163 prime?
True
Is 59795 composite?
True
Is 204794 a composite number?
True
Is 395195 a composite number?
True
Is 41198 a prime number?
False
Is 6121 a composite number?
False
Is 3504851 a composite number?
True
Is 958373 composite?
True
Is 1249 prime?
True
Is 40693 a prime number?
True
Is 3389 a prime number?
True
Is 29477 composite?
True
Is 41539 prime?
True
Is 24617 prime?
False
Is 16079 composite?
True
Is 272651 a prime number?
True
Is 8147 a prime number?
True
Is 1579 composite?
False
Is 4111 prime?
True
Is 1917295 prime?
False
Is 23857 composite?
False
Is 120293 a composite number?
False
Is 10079 prime?
True
Is 202013 composite?
True
Is 29983 prime?
True
Is 44311 a composite number?
True
Is 44033 composite?
True
Is 2413 a prime number?
False
Is 23303 composite?
True
Is 73517 composite